What is q(z)?
-3
Let q(p) be the third derivative of -p**6/120 + p**5/60 + p**4/24 + p**3 + 12*p**2. What is q(0)?
6
Let j be 1/2 - 3/(-2). Let v(l) = l**3 + 2*l**2 - l - 1. Let g be v(-1). Let q(n) = 0 + g - 3 + n**3 - 6*n**j. Give q(6).
-2
Let k be 5*6/135 - (-94)/(-18). Let g(z) = -z**2 - 6*z - 1. What is g(k)?
4
Let f = 8 - 2. Let o(d) = -4*d**3 + 2*d - f*d + 5*d**3 - 1 + 2*d**2. Let a be (3/((-54)/12))/((-4)/(-18)). What is o(a)?
2
Let n(t) = t**2 - 4*t - 3. Let m be (-1 - (-8)/5)/(7/35). Determine n(m).
-6
Let y(p) = -p**3 - 10*p**2 - 9*p - 6. Suppose 4*f - 2*f + 2*x = -16, -3*x = 2*f + 15. Calculate y(f).
-6
Let l = -23 + 17. Let j(a) = a**2 + 4*a - 5. Calculate j(l).
7
Let p(m) = m**3 - m + 4. Suppose 8 = -5*z + z. Let n = 2 + z. Determine p(n).
4
Let c be (-26)/(-7) + 6/21. Let b be c/((-3)/(36/(-8))). Let a(h) = h**2 - 5*h - 6. Give a(b).
0
Let m(j) = -j - 1. Let s be 5*(3/(-3) + 0). Calculate m(s).
4
Suppose -3*f + z + 35 = 0, -4*f + 60 = -4*z - 0*z. Let s(o) = o**3 - 10*o**2 - o + 4. What is s(f)?
-6
Let k be -1 - 3 - 2*-2. Let f(l) = -2 - 3*l**3 + 4*l**3 - l**2 + 13. Determine f(k).
11
Let s(i) be the third derivative of 0 + 0*i - 3*i**2 - 1/12*i**4 + 1/2*i**3. What is s(4)?
-5
Let c(m) = -m**3 + 5*m**2 + 5*m + 2. Let y(s) = s**3 + s**2 - 5*s + 1. Let r be y(2). Suppose -x + 6 = -3*t, r*x - t - 26 + 8 = 0. Calculate c(x).
-4
Let a(r) = 3*r + 3. Let n(c) = c**3 - 6*c**2 - 6*c - 4. Let i be n(7). Suppose 0 = -5*t + i*t. Suppose 2*u + 8 = t, -x - 12 = u + u. Determine a(x).
-9
Let d(i) be the second derivative of i**5/20 + 5*i**4/12 + 3*i**2 + 2*i. Suppose -2*x + 3*x + 5 = 0. Give d(x).
6
Let c = -56 + 56. Let v(s) = -s**2 - s - 3. What is v(c)?
-3
Let y(i) = -i**3 - i - 1. Suppose -6*s + 3*s = -5*u + 9, 22 = 4*u + 5*s. Suppose -u*p = p. Suppose p = 4*f - 3*f. Give y(f).
-1
Let l(y) = -14*y**2 - 9*y + 17. Let t(z) = 5*z**2 + 3*z - 6. Let m(g) = -2*g. Let f be m(2). Let i(x) = f*l(x) - 11*t(x). Determine i(-4).
2
Let q(i) = -i**2 + 7*i + 2. Let k(n) = n**3 + 7*n**2 + 5. Let d be k(-7). Suppose d*c - 30 = -5. Calculate q(c).
12
Let i(g) = 22 + 0*g**2 - g**2 + 2*g - 17. Give i(4).
-3
Let l(y) = y**3 + y**2 + y - 1. Let c(p) = 2*p**2 + 4*p + 3. Let t be c(-2). Let b = -1 - t. Let j(a) = a**3 + 3*a**2 - 5*a - 3. Let d be j(b). Give l(d).
2
Let j(x) = 8*x**2 + 1. Suppose 0*t = -t + 11. Let u = 10 - t. Calculate j(u).
9
Let l(m) = -3 - 91*m + 49*m + 43*m. Calculate l(7).
4
Suppose a + 0 = 2. Suppose -7*c = -a*c. Suppose -2*t + 5*j - 8 = -0*t, c = -3*t - 3*j + 30. Let v(o) = -o**3 + 6*o**2 + o - 8. Calculate v(t).
-2
Let f(k) be the third derivative of -2*k**2 + 1/2*k**3 - 1/24*k**4 + 0 + 0*k. Determine f(-4).
7
Suppose 0 = 5*d + 2*b + 74, 0 = 3*d - 2*b + 52 + 2. Let y be 5*(d/(-10) - 1). Let a(z) = -3*z + 0 - y*z + 1. Determine a(1).
-5
Let m(i) = i**2 + 4*i + 5. Suppose 0 = 3*k - 6. Let p be k - 4*(-3)/(-2). Determine m(p).
5
Let r be -5 - (-2)/1 - -2. Let j(t) be the first derivative of -t**2/2 - t + 2. Determine j(r).
0
Let p be ((-28)/6)/((-12)/18). Let d(i) = i**3 - 6*i**2 - 5*i - 8. Determine d(p).
6
Suppose -3*c + 6*c + 12 = -2*j, -2*c - 3 = 3*j. Let t(p) = -p**2 - 6*p + 5. Calculate t(c).
5
Let c(w) be the first derivative of -w**4/6 - w**3/2 + 7*w**2/2 - 2. Let x(i) be the second derivative of c(i). Give x(-3).
9
Let j(t) = -t**2 - 2*t + 4. Let g = 12 - 16. Calculate j(g).
-4
Let c(q) = q**3 + q**2 + q + 5. Let r(z) = z - 1. Let j(a) = -3*a + 3. Let b(n) = j(n) + 4*r(n). Let g be b(6). Let f be (-1 + 2)*(g + -5). Determine c(f).
5
Suppose -q = -5*q + 8. Let f(x) be the first derivative of -x**4/2 + 2*x**3/3 + x**2/2 - 2*x - 38. Calculate f(q).
-8
Let z(l) = -4*l**2 + 11*l. Let d(j) = 5*j**2 - 12*j - 1. Let i(p) = -5*d(p) - 6*z(p). Determine i(-6).
5
Let z(d) = -2*d + 1 - 2*d - 4 + 2*d. Calculate z(-5).
7
Let y(l) = 4*l + 1. Let p be 4*2/(16/6). Suppose 0 = 4*i - 2*t + 4, p*t + t = -i + 17. Calculate y(i).
5
Let k = -35 - -73/2. Let d(x) be the first derivative of -3*x + k*x**2 + 4/3*x**3 - 2 + 1/4*x**4. Determine d(-3).
-3
Let o(t) = -2*t - 6. Let i = 20 - 23. Give o(i).
0
Let x(w) be the second derivative of w**4/12 - 2*w**3/3 + 2*w**2 - 6*w. Let a(o) be the first derivative of x(o). Give a(-3).
-10
Let r(g) be the second derivative of g**5/20 + g**4/4 - g**3/6 - 2*g**2 - 3*g. Calculate r(-3).
-1
Let q(a) be the second derivative of 2*a**2 + 2/3*a**3 + 0 + a. Give q(-3).
-8
Let f be 0/1*2/4. Let h be (1 - 0) + (f - 0). Let m(s) be the first derivative of 7*s**4/4 - s**3/3 + 7. What is m(h)?
6
Suppose 10*h = 5*h - 30. Let r(w) be the second derivative of w**3/6 + w**2/2 + 3*w. Determine r(h).
-5
Let c(r) be the first derivative of r**2 - 3*r - 26. Let p = 5 + -1. Let d = p + 1. Determine c(d).
7
Let y(o) = -o**2 + o - 1. Let s(u) = u**2 - u + 2. Let h(q) = -4*s(q) - 5*y(q). Give h(-3).
9
Let x = 60 - 41. Let u = x + -13. Let v(z) = -z**2 + 8*z - 4. Give v(u).
8
Let l be (-2)/11 + 48/22. Let m = -6 + l. Let w(v) = v + 7. Give w(m).
3
Let r(y) = y**2 + 2*y + 1. Let h be r(-2). Let s be (-68)/12 + h/(-3). Let i = s + 10. Let q(z) = -2*z + 5. What is q(i)?
-3
Let s(o) = -2*o - 5. Let w = 8 + -13. Calculate s(w).
5
Let d(w) = -w**3 - w**2. Let j(m) = 7*m**3 + 3*m**2 - 4*m + 4. Let b(f) = -f**2 + 1. Let r be b(0). Let z(t) = r*j(t) + 6*d(t). What is z(4)?
4
Suppose 5*l = -2*s + 20, 2*s - 40 = -s - 5*l. Suppose -5*k + 2*p - 6 = -2*p, 4*k = -3*p + s. Let r(m) = m**2 - 3*m. What is r(k)?
-2
Let k(w) = -2*w**2 - 4*w + 3. Let v(d) = d**2 + 7*d - 12. Let l be v(-8). Give k(l).
-13
Let k(h) = -h - 2 - 2 + 0*h + 0. Suppose 0 = 5*r - 3*r - 10. Suppose 0 = 2*w - z + 10, 0*z = -w + z - r. Determine k(w).
1
Let q(m) = m - m**3 - 3 - 3 + 16 - 7*m**2. Determine q(-7).
3
Let x(l) = l**3 + 4*l**2 - 7*l - 6. Suppose -5*b + 38 = -57. Suppose 0 = -5*o - d + 51, -2*o + d + 0 = -b. Let h be (-45)/o + (-1)/2. Give x(h).
4
Let k be 20/6 + (-2)/(-3). Let o(s) = 3 - 2*s - 1 - k. Let j(q) = -q - 2. Let f be j(-5). Determine o(f).
-8
Let x = 2 + -1. Let g(t) = 6*t - 1. Let z(j) = j**2 - j - 1. Let k be z(3). Let s(a) = -12*a + 2. Let o(l) = k*g(l) + 3*s(l). Determine o(x).
-5
Let x = 3 - -3. Let s(y) = -y**2 + 5*y + 6. What is s(x)?
0
Suppose 7 + 8 = 5*h. Let l(w) = 1 - 1 + h*w - 2*w**2. Let i(t) = -30*t - 27. Let b be i(-1). Calculate l(b).
-9
Let f(h) = 17*h**2 + h. Suppose 3 = -4*v - 1. Determine f(v).
16
Let h(l) = 2 + l + 11*l - 11*l. Give h(-3).
-1
Let v(j) = -2*j - 1. Let l be 3/2*2/(-3). Suppose -3*q + 30 = 24. Let k = l - q. Determine v(k).
5
Let s(r) be the first derivative of r**3/3 + 2*r**2 - 5*r - 11. What is s(-6)?
7
Let j(f) = -f**2 - 3*f + 2. Let h = 8 - 4. Suppose 4*s + 229 = -5*n, h*n - s = -2*s - 181. Let q be (n/(-12))/(-5)*4. What is j(q)?
2
Let x(r) = r + 1. Let n(d) = d - 3. Let h(g) = -n(g) - 2*x(g). Suppose -5*z = -25, 2*z = 4*i + 2 + 4. What is h(i)?
-2
Let j(k) be the third derivative of -k**6/120 - k**5/10 - 5*k**4/24 + 5*k**3/6 + 33*k**2. What is j(-5)?
5
Let a(c) = -25*c + 5. Let r(k) be the third derivative of k**4/2 - k**3/3 - 4*k**2. Let l(p) = 2*a(p) + 5*r(p). Determine l(-1).
-10
Let i(q) = -8*q**2 + 11*q + 1. Let l(y) = -2*y**2 + 3*y. Let c(n) = 2*i(n) - 9*l(n). What is c(3)?
5
Let c = 13 - 17. Let x(m) = -4*m - 5. Give x(c).
11
Let b(j) be the second derivative of -j**3/6 - 5*j**2/2 + 20*j. Determine b(0).
-5
Let q be (6/(-9))/(8/36). Let f(z) be the first derivative of -z**4/4 - 2*z**3/3 + 3*z**2/2 + 4*z + 1. Determine f(q).
4
Let b(a) = -a**3 - 2*a**2 - a + 2. Suppose 2*o + 1 = -3. Let q be (-2)/(-2) - (1 - o). Let c be b(q). Let u(f) = -f**3 + 4*f**2 + 3*f - 2. What is u(c)?
10
Let i(p) be the third derivative of p**4/6 + p**3 + 55*p**2. What is i(-5)?
-14
Suppose 24*z - 4 = 23*z. Let s(t) = -t**3 + 5*t**2 - t - 5. Give s(z).
7
Let k(h) = -7*h + 1. Let m be (-5)/10*2/(-1). Determine k(m).
-6
Let t(x) be the first derivative of -x**2/2 - 21. Give t(6).
-6
Let q(t) be the first derivative of t**2 + 11*t + 8. Determine q(-8).
-5
Let i = 1 + -1. Let g(z) be the second derivative of z**6/720 - z**5/20 - z**4/12 - 2*z. Let p(f) be the third derivative of g(f). What is p(i)?
-6
Let w(t) = t + 13. Let y(z) = z**2 + 16*z - 25. Let m be y(-17). What is w(m)?
5
Let u be (-185)/25 - (-2)/5. Let i be u/7*(-2)/(-2). Let o(w) = 7*w**2